{"id":3043,"date":"2025-03-14T18:25:35","date_gmt":"2025-03-14T18:25:35","guid":{"rendered":"http:\/\/rerun-electronics.com\/?page_id=3043"},"modified":"2025-03-14T18:25:36","modified_gmt":"2025-03-14T18:25:36","slug":"kontakt","status":"publish","type":"page","link":"http:\/\/rerun-electronics.com\/?page_id=3043&lang=de","title":{"rendered":"Kontakt"},"content":{"rendered":"\n<p>Bitte kontaktieren Sie uns bez\u00fcglich des Kaufs\/Verf\u00fcgbarkeit eines kundenspezifischen Ger\u00e4ts unter:<\/p>\n\n\n\n<p>info@rerun-electronics.com<\/p>\n\n\n\n<p>Nach 15 Jahren T\u00e4tigkeit in Berlin ist Rerun Electronics nun in Bayonne, Frankreich, ans\u00e4ssig. Unsere Adresse lautet 5 rue Douer, F-64100 Bayonne. Die neue Nummer ist: +33(0)779757211<\/p>\n\n\n\n<p>Die Gesch\u00e4ftszeiten sind von 10 bis 18 Uhr, aber bitte rufen Sie vorher an, um sicherzustellen, dass wir erreichbar sind.<\/p>\n","protected":false},"excerpt":{"rendered":"<p>Bitte kontaktieren Sie uns bez\u00fcglich des Kaufs\/Verf\u00fcgbarkeit eines kundenspezifischen Ger\u00e4ts unter: info@rerun-electronics.com Nach 15 Jahren T\u00e4tigkeit in Berlin ist Rerun Electronics nun in Bayonne, Frankreich, ans\u00e4ssig. Unsere Adresse lautet 5 rue Douer, F-64100 Bayonne. Die neue Nummer ist: +33(0)779757211 Die Gesch\u00e4ftszeiten sind von 10 bis 18 Uhr, aber bitte rufen Sie vorher an, um sicherzustellen, &hellip; <\/p>\n<p class=\"link-more\"><a href=\"http:\/\/rerun-electronics.com\/?page_id=3043&#038;lang=de\" class=\"more-link\">Continue reading<span class=\"screen-reader-text\"> &#8220;Kontakt&#8221;<\/span><\/a><\/p>\n","protected":false},"author":1,"featured_media":871,"parent":0,"menu_order":0,"comment_status":"closed","ping_status":"closed","template":"","meta":{"advgb_blocks_editor_width":"","advgb_blocks_columns_visual_guide":"","jetpack_post_was_ever_published":false,"footnotes":""},"class_list":["post-3043","page","type-page","status-publish","has-post-thumbnail","hentry"],"coauthors":[],"author_meta":{"author_link":"http:\/\/rerun-electronics.com\/author\/rerun","display_name":"rerun"},"relative_dates":{"created":"Posted 1 year ago","modified":"Updated 1 year ago"},"absolute_dates":{"created":"Posted on 2025-03-14","modified":"Updated on 2025-03-14"},"absolute_dates_time":{"created":"Posted on 2025-03-14 18:25","modified":"Updated on 2025-03-14 18:25"},"featured_img_caption":"","featured_img":false,"series_order":"","jetpack_sharing_enabled":true,"jetpack_shortlink":"https:\/\/wp.me\/PapHjQ-N5","_links":{"self":[{"href":"http:\/\/rerun-electronics.com\/index.php?rest_route=\/wp\/v2\/pages\/3043","targetHints":{"allow":["GET"]}}],"collection":[{"href":"http:\/\/rerun-electronics.com\/index.php?rest_route=\/wp\/v2\/pages"}],"about":[{"href":"http:\/\/rerun-electronics.com\/index.php?rest_route=\/wp\/v2\/types\/page"}],"author":[{"embeddable":true,"href":"http:\/\/rerun-electronics.com\/index.php?rest_route=\/wp\/v2\/users\/1"}],"replies":[{"embeddable":true,"href":"http:\/\/rerun-electronics.com\/index.php?rest_route=%2Fwp%2Fv2%2Fcomments&post=3043"}],"version-history":[{"count":1,"href":"http:\/\/rerun-electronics.com\/index.php?rest_route=\/wp\/v2\/pages\/3043\/revisions"}],"predecessor-version":[{"id":3044,"href":"http:\/\/rerun-electronics.com\/index.php?rest_route=\/wp\/v2\/pages\/3043\/revisions\/3044"}],"wp:featuredmedia":[{"embeddable":true,"href":"http:\/\/rerun-electronics.com\/index.php?rest_route=\/"}],"wp:attachment":[{"href":"http:\/\/rerun-electronics.com\/index.php?rest_route=%2Fwp%2Fv2%2Fmedia&parent=3043"}],"curies":[{"name":"wp","href":"https:\/\/api.w.org\/{rel}","templated":true}]}}